of r?
11
Let c = -87 - -192. What are the prime factors of c?
3, 5, 7
Suppose -2 = -3*c + f + 26, 3*c - 40 = -5*f. Suppose -2*a + 7*a = -c. List the prime factors of 12 + (a - 1/1).
3
Let l be (2/(-3))/(1/(-15)). Suppose -d + l = d. What are the prime factors of (d/2)/(1/2)?
5
Let f(v) be the first derivative of -v**3/3 - 7*v**2 - 11*v + 5. What are the prime factors of f(-10)?
29
Suppose 4*s - 68 = -4*i, 57 = 5*i - 6*s + 4*s. List the prime factors of i.
13
Let h = 14 - 9. Suppose -h*l + 10*l = 75. List the prime factors of l.
3, 5
Let y(l) = -l**2 + l + 166. List the prime factors of y(0).
2, 83
Let r = -30 + 62. Suppose -2*y + 3*t - r = -102, y + 5*t = 22. List the prime factors of y.
2
Let k = -92 + 139. What are the prime factors of k?
47
Let g be (-11)/2 + 3/2. Let u = g - -7. List the prime factors of u.
3
Suppose -2*m - 4*o - o + 69 = 0, 3*m = -3*o + 126. What are the prime factors of m?
47
Suppose 0 = c - 4*s - 14, 5*c + 15 - 37 = 4*s. Suppose 3*j - 3 = c*j. Suppose 24 = 3*n + j*w, -n + 13 = n - w. What are the prime factors of n?
7
Suppose -k - 49 = -2*k. What are the prime factors of k?
7
Suppose 4*i - 2 = 3*i. Suppose 3 = -i*c + 5. Let a(p) = 12*p**3 - p**2 + p. What are the prime factors of a(c)?
2, 3
Let f = -1 + 18. Suppose -5*i + 8 = -f. Suppose 3*m + 2*y + 3*y - 10 = 0, -i*y - 50 = -3*m. What are the prime factors of m?
2, 5
Let a(r) = 4*r + 22. List the prime factors of a(-5).
2
Let v be (-40)/(-22) - (-6)/33. Suppose -s = -5 - v. Suppose 16 = -4*f + s*f + w, 3*f - 32 = -5*w. List the prime factors of f.
2
Suppose 30 = -3*h + 3*q, -12 = -4*h + 2*q - 46. Let j = h + 17. List the prime factors of j.
2, 5
Let u(m) = -3*m**3 - m**2 + 3*m - 4. Let t = 8 - 11. Let i(l) = 6*l**3 + 3*l**2 - 7*l + 9. Let b(k) = t*i(k) - 7*u(k). List the prime factors of b(1).
2
List the prime factors of (-2)/((-8)/66)*2.
3, 11
Suppose 3*j + 2*j + b = 19, -5*j - 5*b = -15. Let n(l) = l**3 - 8*l**2 + 7*l - 9. Let k be n(7). What are the prime factors of (k/(-4) + 0)*j?
3
Let m be 3/15 - 14/(-5). Suppose -m*b + 5*b = 0. Suppose b = 4*n - 4, c - 3*n + 0 = 12. What are the prime factors of c?
3, 5
Let w(s) = -20*s + 10. What are the prime factors of w(-3)?
2, 5, 7
Let z(l) = -l - 2 - 2*l + 4*l + 3. Let t be z(3). Suppose 4*g - 33 = -x, -t*x + 3 = -3*g - 53. What are the prime factors of x?
17
Let k(q) = 2*q**3 + 6*q**2 - 11. List the prime factors of k(4).
3, 71
What are the prime factors of 3/5 + 1521/65?
2, 3
Suppose -3*r - b + 72 = 0, -5*r - 3 = 2*b - 124. List the prime factors of r.
23
Let u = -9 - -6. Let p(h) = -h**3 - h**2 + 3*h + 3. What are the prime factors of p(u)?
2, 3
Let u = 129 - 34. Suppose u = -0*w + 5*w. Suppose -2*r + w = r - 2*y, -2*r = 5*y. List the prime factors of r.
5
Let c(g) = 10*g - 64. What are the prime factors of c(21)?
2, 73
Let d be 1/(((-8)/4)/(-110)). Let n = d + -22. List the prime factors of n.
3, 11
Let t = 1 + 2. Let u = 11 + t. What are the prime factors of u?
2, 7
Let c = -16 - -22. Let v(u) = u**3 - 5*u**2 - 3*u + 3. List the prime factors of v(c).
3, 7
Let y(s) be the third derivative of -s**6/120 - 7*s**5/60 + s**4/4 - s**3 - s**2. Let c(u) = u - 3. Let h be c(-5). What are the prime factors of y(h)?
2, 5
Let g(t) = t**2 + 8*t**2 + 9*t**2. Let m = -62 - -61. What are the prime factors of g(m)?
2, 3
Suppose d + 0*d = -4. List the prime factors of 12/(-16) + (-11)/d.
2
Suppose 5*v = 2*d + 74, -2*v + 24 + 14 = -5*d. List the prime factors of (-4)/v + (-148)/(-28).
5
Suppose 5*c - 196 = 3*u - u, -c + 5*u + 30 = 0. Suppose 5*j = 2*m + c, 4*j - 4*m + 0 = 20. What are the prime factors of j?
2, 5
Suppose 1 = -4*l + 4*n + 21, -4*l = 4*n - 44. Let o(c) = c**3 + 7*c**2 + 7*c + 9. Let w be o(-6). Suppose 0 = w*v - l*v + 40. List the prime factors of v.
2
Let x(w) = -2*w**2 - 3*w - 2. Let v be x(-2). Let a(l) = -l + 1. Let b(n) = -n**2 - 2*n + 5. Let d(r) = 2*a(r) - b(r). What are the prime factors of d(v)?
13
Let w(q) be the second derivative of q + 1/6*q**3 + 0 + 7/2*q**2. List the prime factors of w(-5).
2
Let x(d) = -d**3 + 5*d**2 - d - 2. Let y be x(5). Let a = 20 + y. List the prime factors of a.
13
List the prime factors of (620/(-25) - 4)/(4/(-30)).
2, 3
Let a be (1 - -41)/(1/2). Suppose 4*k = 2*k - c + 39, 4*k - a = 4*c. What are the prime factors of k?
2, 5
Let l = 116 - 70. What are the prime factors of l?
2, 23
Let t = 458 + -270. Suppose 188 = 5*y + 4*d, t = 4*y - 2*d + 22. What are the prime factors of y?
2, 5
What are the prime factors of 38 + -5*4/(-10)?
2, 5
Suppose 0 = -o - r - 4*r - 7, r + 8 = 2*o. Let h(b) = 4*b + 1 - 2 - o. What are the prime factors of h(5)?
2
Suppose 3*b + 20 = 8*b. Suppose -2*j - 3*d + 0 = 4, 2*d = -3*j + b. What are the prime factors of j?
2
Suppose -6*q + 3*q = -9. Suppose 0*m - 8 = -q*d - 4*m, 2*m = -4*d + 24. What are the prime factors of d?
2
Let b(l) = -13*l + 3. What are the prime factors of b(-5)?
2, 17
Suppose -6 = 2*w - 2. Let m be (0 - (-1 - w)) + 5. What are the prime factors of (-1)/m - 45/(-4)?
11
Let b = 19 + -9. Suppose -b = -2*d - 3*d. List the prime factors of d.
2
Suppose 3*t - 2 = -8. Let f be (1 + 1/t)*0. Suppose k + f*k - 7 = 0. List the prime factors of k.
7
Let n = 122 + -40. List the prime factors of n.
2, 41
Suppose 6*b = 2*b + 380. Let s = -40 + b. What are the prime factors of s?
5, 11
Let c(v) = -2*v - 3. Let d be c(-3). Let f = 1 + d. List the prime factors of f.
2
Let t be -5 + 3 - 3*-1. Let j(q) = 6*q**3 - 3*q**2 + q - 5. Let i(g) = -g**3 + g**2 + 1. Let y(h) = 4*i(h) + j(h). List the prime factors of y(t).
3
Suppose -4 = -5*p + 6. Let f be (0 - -1) + (-2)/p. Let q = f - -5. What are the prime factors of q?
5
What are the prime factors of 2*(-2 + -3 + 178)?
2, 173
Let h = -6 + 19. Let w = h + -11. List the prime factors of w.
2
Let y be 1 + 2/(-1) + -16. Suppose 10 = 2*z - 3*z. Let s = z - y. What are the prime factors of s?
7
Suppose 0 = 4*t + 2*y - 84, -5*t = -2*y - 38 - 85. What are the prime factors of t?
23
Suppose 3*h + 0*t = t + 89, h + 5*t - 19 = 0. List the prime factors of h/2 - (-1)/2.
3, 5
Let y(v) = v**2 + 15*v - 5. What are the prime factors of y(-25)?
5, 7
Let r = 1 + -16. Let w be (-111)/r + 3/5. List the prime factors of ((-12)/w)/(6/(-16)).
2
Suppose 0 = 3*m + 1 - 175. List the prime factors of m.
2, 29
Suppose 0 = -3*b + 23 - 2. Suppose 14 = u - b. List the prime factors of u.
3, 7
Suppose 2*r = -r. Suppose r = -4*i - i + 30. List the prime factors of i.
2, 3
Suppose -5*i = 3*y - 49, -i - 3*i + 50 = -3*y. Suppose -5*b + i = -19. List the prime factors of b.
2, 3
Let f = -18 - -21. Suppose -f*d + 152 = d. List the prime factors of d.
2, 19
Let n(l) = l**3 + 2*l**2 - 3*l - 4. What are the prime factors of n(3)?
2
Let r = -2 + -3. Let p = r + 22. List the prime factors of p.
17
Let y = -6 + 6. Suppose y*i - 4*i + 44 = 0. List the prime factors of i.
11
Let c(t) = -t - 17. Let u be c(-13). List the prime factors of 3 - u*4/2.
11
Suppose -2*r + 11 + 19 = u, -u + 2 = -5*r. Let w = -15 + u. Let s(g) = -g**2 + 6*g + 10. List the prime factors of s(w).
3
Let v(c) = 2*c + 3. Let f be v(-2). Suppose -5*r - 3*u = -8 + 30, -3*r - 18 = 3*u. What are the prime factors of (2 - f) + 2/r?
2
Suppose -4*w + 2*j + 2 = -2*w, -j + 3 = 0. Let a(s) = 2*s + 5. What are the prime factors of a(w)?
13
Suppose -3*a = 7*u - 3*u - 259, -3*a = 3*u - 195. What are the prime factors of u?
2
Suppose 3*n = y + 193 + 340, 3*n = 3*y + 525. List the prime factors of n.
179
Suppose -4*s + 52 = -4*x, -5*s + x + 18 + 27 = 0. Suppose 3*t + t = s. Suppose 10 = 2*r - 0, 0 = -2*d - t*r + 42. What are the prime factors of d?
2
Suppose 380 = 5*d - 5*u, -234 = -2*d - d + 5*u. What are the prime factors of d?
73
Let v(u) = -22*u**3 - u**2 + 1. Let w be v(-1). Suppose 3*s = -b + w, -5*s + 4*b = -5 - 9. List the prime factors of s.
2, 3
Suppose -4*a + 68 = -3*n, -2*a + 0*n + 24 = n. Suppose 0 = 2*s - 32 + a. List the prime factors of s.
3
Suppose -j - 5*k = 24, -2*k - 36 = j - k. Let t = -3 - j. What are the prime factors of t?
2, 3
Let y(l) = l**3 + 2*l**2 - 3*l. Let c be y(-3). Suppose -9 = 2*k - 7*z + 2*z, -4*k = -z + 9. Let s = c - k. List the prime factors of s.
2
Suppose -3*z - h + 5 = 2, -z + 2*h = -8. Let g = z + 1. List the prime factors of g.
3
Let b(h) = h**2 + 60. List 